te number?
True
Let w(y) = -y**3 + 6*y**2 - 6*y + 5. Let u be w(5). Suppose 0 = -4*s + 8 - u. Let z = 12 - s. Is z a prime number?
False
Let v(p) = -p**3 + 56. Let z be v(0). Let x = -27 + z. Suppose 3*a - x = -4*m + 2*m, a + 3 = 0. Is m a composite number?
False
Suppose -5*k - 2*t + 20 = 0, -4*k + 2*t - 8 = -3*k. Suppose 5*q + 2 = -4*s + k*q, 4*s + 16 = 4*q. Is s*7*15/(-10) a prime number?
False
Suppose 15*b - 1490 = 10*b. Is b a prime number?
False
Is (241 - -4 - -4) + 4 composite?
True
Let b(o) = -o**3 - 34*o**2 - 21*o - 83. Is b(-34) a composite number?
False
Let a = -7 + 10. Suppose a*f + 753 = 6*f. Is f a composite number?
False
Suppose -5*p + 64 = -5*d - 181, -225 = -5*p - 5*d. Suppose -n + v = n - 195, 2*n - 225 = -5*v. Suppose 3*x - n = p. Is x a prime number?
False
Is (-1 - -3)/((-8)/11732*-7) a composite number?
False
Let m = 503 - 184. Is m a prime number?
False
Suppose -6*n + 23110 = 6868. Is n a prime number?
True
Let m(g) = -2*g - 1. Let b be m(4). Let u = 13 - b. Is u composite?
True
Let i(a) = a**2 - 2*a - 5. Let c(d) = -2*d**3 - 2*d**2 - 2. Suppose 3*j + 2*f = 4*j - 2, 0 = -5*j + 5*f. Let y be c(j). Is i(y) prime?
True
Let i be (-7)/(-21)*(-2 + -85). Is -2*(2 + i + -2) a prime number?
False
Let z(s) = 82*s + 11. Let b(j) = 55*j + 7. Let a(g) = -8*b(g) + 5*z(g). Is a(-14) a composite number?
False
Let y(j) be the second derivative of 43*j**3/3 - 5*j**2/2 + 2*j. Is y(3) a composite number?
True
Suppose 5*p - 5 = -25. Let g be (-9)/(2 - -1) - p. Is (g - -1) + -5 - -26 prime?
True
Let k(f) = 0 + 3 + 3*f + 1. Is k(11) composite?
False
Is ((-5914)/5)/((-4)/10) prime?
True
Let y(z) = -z. Let m(b) = 13*b**2 + 5*b - 3. Let p(w) = m(w) + 5*y(w). Let u be p(3). Suppose 3*q - u = q. Is q prime?
False
Let o be (-10)/4 - (-1)/(-2). Suppose -5 - 19 = 4*z. Let i = o - z. Is i a composite number?
False
Suppose 4*l - 10 + 2 = 0. Let g be 1/(5/l + -2). Suppose 3*o = g*o + 15. Is o a prime number?
False
Let a(k) = 2*k**2 - 13*k - 9. Let w(t) = t**2 - 7*t - 5. Let v(m) = 2*a(m) - 5*w(m). Let z be v(10). Let h(p) = 5*p**2 + 4*p + 4. Is h(z) prime?
True
Suppose -3*x - 11 = -j + 13, -j - 16 = 5*x. Is 1*93*3/j a composite number?
False
Let k = 545 - 96. Is k prime?
True
Let g(c) = 15*c**2 - c - 1. Is g(-5) composite?
False
Let i(s) = -39*s + 59. Is i(-20) a composite number?
False
Let n be (4/(-5) + 0)*5. Is (n/(-6))/((-12)/(-1026)) a composite number?
True
Let y(g) = -g**3 + 5*g**2 - 6*g + 4. Let m be y(4). Let w(i) = 22*i. Let s be w(m). Let a = s + 123. Is a composite?
True
Suppose -2*j + 4*g = -g - 9, j = 5*g + 7. Let q be (-12)/(-78) - j/13. Is -2 + 126 + (3 - q) composite?
False
Suppose -70 = -4*z - v + 3*v, -2*v + 6 = 0. Is z a prime number?
True
Suppose 712 - 8584 = -8*p. Suppose -4*v + p = 5*x, 371 + 147 = 2*v - 4*x. Is v a composite number?
False
Let j(s) = -67*s + 6. Is j(-11) a prime number?
True
Is 1249 + (-2 - 8/(-4)) a composite number?
False
Let z(s) be the first derivative of -s**4/4 + 2*s**3 + 6*s**2 - 6*s + 2. Let t be z(8). Let l = t - -123. Is l prime?
False
Let r = 40 + -26. Is r composite?
True
Let i(j) = -j**2 + 6*j - 8. Let l be i(8). Let c = l + 43. Is c prime?
True
Let t(n) = -5*n - 2 + n**3 + 3*n + n**2 + n**2. Is t(3) a prime number?
True
Suppose 8*p - 3598 = 6*p. Is p composite?
True
Let x be (7 - 1)/((-2)/3). Let f(l) = -19*l - 12. Is f(x) composite?
True
Suppose 5*f = 1865 + 180. Is f a composite number?
False
Let o(k) = k**2 - 2*k + 3. Is o(4) prime?
True
Suppose 5 = -2*a - 1. Let d = 46 + a. Is d prime?
True
Suppose 4*f = -8, -f = 3*b - 4*f - 1344. Is b composite?
True
Suppose 5*o - 5*w = 2080, -2*o - 826 = -4*o + 4*w. Is o prime?
True
Let h = 3 + 1. Is h/12 - 64/(-6) a composite number?
False
Let i(y) = 30*y + 13. Is i(8) composite?
True
Suppose v - 687 = 70. Is v prime?
True
Let q be 1*15*10/25. Suppose -q*m + 10 = -4*m. Let j(x) = 2*x - 7. Is j(m) composite?
False
Let d = 6 + -6. Let w be 2*1/2 + 6. Suppose d = -v - 3 + w, -f - 5*v = -29. Is f prime?
False
Let m(b) = -b**2 - 8*b + 4. Let y be m(-8). Suppose 0 = 3*x - 5 - y, -5*w + 3*x = -796. Is w a prime number?
False
Suppose 5*n = -400 + 1665. Let y = -32 + n. Is y composite?
True
Let u be (1 - -2 - 6) + -1. Let t = -1 - u. Suppose -35 = -3*c + 2*c - 4*q, 12 = -t*q. Is c a prime number?
False
Suppose -a + 4996 + 2051 = 0. Is a/12 - (-6)/(-24) a prime number?
True
Suppose 4 = 4*h, u - h + 8 - 75 = 0. Suppose 0 = -4*i - 1 - 59. Let l = i + u. Is l a composite number?
False
Let w(x) = 1408*x + 1. Is w(1) a composite number?
False
Suppose 13 + 480 = j. Is j a composite number?
True
Let b(s) = -s**3 + 8*s**2 - 7*s + 1. Let r be b(7). Is (-1)/(r + (-88)/86) a prime number?
True
Is 0 + (134/10 - 6/15) prime?
True
Let n be (-1*3 + 1)*-2. Suppose -n*f = 2*x - 6, -f + 4*f = 2*x + 1. Let r(j) = 26*j**2 - 1. Is r(f) a composite number?
True
Let l = 67 - 32. Let t = 16 - 38. Let p = t + l. Is p composite?
False
Let u be (-1)/((-244)/(-248) + -1). Is u/((-6)/3 - -4) composite?
False
Suppose -2*k - 1116 = -2*d, -5*d + 4*k - 2790 = -10*d. Suppose 446 = 2*c + u, -5*c + 3*u + 557 = -d. Is c a prime number?
True
Suppose f + 16 = -31. Let o = 6 - f. Is o a prime number?
True
Let k = 3 + -7. Let u(g) = -g**2 + 2*g - 1 + 6*g**2 + 2*g + g**2. Is u(k) composite?
False
Let x(q) = -q**3 - 5*q**2 - q + 4. Let i be x(-5). Suppose -4*y - 815 = -i*y. Is y a composite number?
False
Let h = 10 - 4. Suppose h*p = 3*p + 369. Let v = 176 - p. Is v a prime number?
True
Let p = -107 - -111. Let i(n) = 1 + 0 + 4*n - 2. Is i(p) a prime number?
False
Suppose 3*o + 13 + 23 = 0. Let k(c) = 8*c**2 - c + 1. Let z be k(2). Let p = z + o. Is p a prime number?
True
Suppose 0 = 8*l - 1397 - 1571. Is l prime?
False
Suppose 3*j = 55 + 26. Suppose 4*d - 29 = j. Is d composite?
True
Let t = -136 - -213. Is t a prime number?
False
Let l(v) = -v**2 + 7*v - 7. Let c = 6 - 1. Let y be l(c). Suppose 5*j = -5*p + y*p + 180, j = 4*p - 382. Is p a composite number?
True
Let p be 2 + (-2)/(4/(-10)). Suppose 0 = 2*t - p*t + 290. Is t prime?
False
Let a = 7 + -7. Let r(q) = q + 3. Let j be r(a). Suppose 0*x + 2*h = j*x - 209, 0 = 4*x - 2*h - 278. Is x a composite number?
True
Let g = -133 + 480. Is g prime?
True
Suppose -6*f + 3*r = -f + 30, -3*f + 11 = 4*r. Let o be ((-1)/f)/((-2)/(-6)). Let i = 4 - o. Is i composite?
False
Let i = 62 + -37. Let d = i - 2. Is d composite?
False
Let b be (-1)/(-2)*2/(-1). Is (-3 + 2)*b*21 a prime number?
False
Let h = 206 - 95. Is h a composite number?
True
Let h(o) = o**2 + o - 1. Let l be h(2). Suppose 0 = -2*j + l + 3. Suppose 5*x - 133 = -2*u, -j*x + 0*x = -u + 47. Is u a composite number?
False
Suppose v - 1797 = 2*n - 54, -n = -2*v + 3501. Is v composite?
False
Let t be (1 - 3) + (-6)/3. Let l = 7 + t. Suppose -47 = -2*a + 2*u + 61, -l*a + 170 = 5*u. Is a prime?
False
Let g = 0 - -4. Suppose -2*x = -o - o - 66, 5*o = g*x - 127. Is x prime?
False
Suppose 20 = 3*l + i, 4*l = -0*i - 2*i + 30. Let t be 2*((-2)/1)/(-2). Suppose 103 = t*d + l. Is d composite?
True
Is (576 - (-7 + 5)) + -5 composite?
True
Suppose -5*w + 2*q - 96 = 4*q, -69 = 3*w + 5*q. Let x = 5 - w. Is x prime?
True
Let v(r) = r**2 - 9*r + 10. Let n be v(8). Suppose -2*u + n*l = -12, -2*u - 2*u - 2*l = -6. Suppose -u*t + 56 + 175 = 0. Is t a prime number?
False
Let q be 3 - (-1 - (-1)/1). Let o be 81/(q*-1)*1. Let w = o + 64. Is w composite?
False
Is ((-12603)/12)/((-1)/4) composite?
False
Let f(j) = j + 33. Let x be f(0). Let r(q) = q**2 + 1. Let k be r(-1). Suppose -5*l + x = -k. Is l prime?
True
Let z be ((-506)/2)/(4/(-4)). Suppose 2*k = 3*y - z, y - 84 = k - 0*k. Is y a prime number?
False
Let y be 2*2 - (-10 + 10). Is -1 + 0 + 4 + y a composite number?
False
Suppose -4*x + 2*y - 4 = -0, 10 = -2*x - y. Let r = x - -8. Suppose 4*f - 318 = -r*o, -3*o + 0*o + 6 = 0. Is f a composite number?
True
Let v(q) = 33*q - 2. Let p(x) = -67*x + 5. Let i(c) = -3*p(c) - 5*v(c). Is i(3) a composite number?
False
Suppose 25 = 5*f, 0 = 2*x - x - 4*f + 20. Suppose -3*q + 9 = x, -5*c - 4*q = -1 - 1. Is c/6*-3 + 52 prime?
True
Let a be (-11)/3*18*-6. Let c = a + -193. Is c prime?
False
Let p = 7 + -5. Is 158*p/8*2 prime?
True
Let u = -22 - -32. Let y = 20 - u. Is y composite?
True
Suppose x = -3*o + 385, -2*x + 0*x + 641 = 5*o. Suppos